[INFO] cloning repository https://github.com/fzzzy/testing1-google-api-rs
[INFO] running `Command { std: "git" "-c" "credential.helper=" "-c" "credential.helper=/workspace/cargo-home/bin/git-credential-null" "clone" "--bare" "https://github.com/fzzzy/testing1-google-api-rs" "/workspace/cache/git-repos/https%3A%2F%2Fgithub.com%2Ffzzzy%2Ftesting1-google-api-rs", kill_on_drop: false }`
[INFO] [stderr] Cloning into bare repository '/workspace/cache/git-repos/https%3A%2F%2Fgithub.com%2Ffzzzy%2Ftesting1-google-api-rs'...
[INFO] running `Command { std: "git" "rev-parse" "HEAD", kill_on_drop: false }`
[INFO] [stdout] d661a123a0c00f3433e5f300defb107d7abe6876
[INFO] checking fzzzy/testing1-google-api-rs against try#72f88fc4e9458f89516a0b8b0868f3718aec5b47 for pr-74989
[INFO] running `Command { std: "git" "clone" "/workspace/cache/git-repos/https%3A%2F%2Fgithub.com%2Ffzzzy%2Ftesting1-google-api-rs" "/workspace/builds/worker-9/source", kill_on_drop: false }`
[INFO] [stderr] Cloning into '/workspace/builds/worker-9/source'...
[INFO] [stderr] done.
[INFO] validating manifest of git repo https://github.com/fzzzy/testing1-google-api-rs on toolchain 72f88fc4e9458f89516a0b8b0868f3718aec5b47
[INFO] running `Command { std: "/workspace/cargo-home/bin/cargo" "+72f88fc4e9458f89516a0b8b0868f3718aec5b47" "read-manifest" "--manifest-path" "Cargo.toml", kill_on_drop: false }`
[INFO] started tweaking git repo https://github.com/fzzzy/testing1-google-api-rs
[INFO] removed path dependency google-testing1 from git repo https://github.com/fzzzy/testing1-google-api-rs
[INFO] finished tweaking git repo https://github.com/fzzzy/testing1-google-api-rs
[INFO] tweaked toml for git repo https://github.com/fzzzy/testing1-google-api-rs written to /workspace/builds/worker-9/source/Cargo.toml
[INFO] crate git repo https://github.com/fzzzy/testing1-google-api-rs already has a lockfile, it will not be regenerated
[INFO] running `Command { std: "/workspace/cargo-home/bin/cargo" "+72f88fc4e9458f89516a0b8b0868f3718aec5b47" "fetch" "--locked" "--manifest-path" "Cargo.toml", kill_on_drop: false }`
[INFO] [stderr] warning: dependency (google-testing1) specified without providing a local path, Git repository, or version to use. This will be considered an error in future versions
[INFO] [stderr]     Updating crates.io index
[INFO] [stderr]     Updating git repository `https://github.com/fzzzy/yup-oauth2.git`
[INFO] [stderr] error: the lock file /workspace/builds/worker-9/source/Cargo.lock needs to be updated but --locked was passed to prevent this
[INFO] [stderr] If you want to try to generate the lock file without accessing the network, use the --offline flag.
[INFO] the lockfile is outdated, regenerating it
[INFO] running `Command { std: "/workspace/cargo-home/bin/cargo" "+72f88fc4e9458f89516a0b8b0868f3718aec5b47" "generate-lockfile" "--manifest-path" "Cargo.toml" "-Zno-index-update", kill_on_drop: false }`
[INFO] [stderr]     Updating git repository `https://github.com/fzzzy/yup-oauth2.git`
[INFO] running `Command { std: "/workspace/cargo-home/bin/cargo" "+72f88fc4e9458f89516a0b8b0868f3718aec5b47" "fetch" "--locked" "--manifest-path" "Cargo.toml", kill_on_drop: false }`
[INFO] [stderr] warning: dependency (google-testing1) specified without providing a local path, Git repository, or version to use. This will be considered an error in future versions
[INFO] [stderr]  Downloading crates ...
[INFO] [stderr]   Downloaded yup-oauth2 v1.0.12
[INFO] [stderr]   Downloaded hyper-native-tls v0.3.0
[INFO] [stderr]   Downloaded google-testing1 v1.0.14+20200708
[INFO] running `Command { std: "docker" "create" "-v" "/var/lib/crater-agent-workspace/builds/worker-9/target:/opt/rustwide/target:rw,Z" "-v" "/var/lib/crater-agent-workspace/builds/worker-9/source:/opt/rustwide/workdir:ro,Z" "-v" "/var/lib/crater-agent-workspace/cargo-home:/opt/rustwide/cargo-home:ro,Z" "-v" "/var/lib/crater-agent-workspace/rustup-home:/opt/rustwide/rustup-home:ro,Z" "-e" "SOURCE_DIR=/opt/rustwide/workdir" "-e" "CARGO_TARGET_DIR=/opt/rustwide/target" "-e" "CARGO_HOME=/opt/rustwide/cargo-home" "-e" "RUSTUP_HOME=/opt/rustwide/rustup-home" "-w" "/opt/rustwide/workdir" "-m" "1610612736" "--user" "0:0" "--network" "none" "rustops/crates-build-env@sha256:d92eaeed33fa75130ca1ee6c8a01d1ffb62bac859dfdfb3450e3e5d1c0146529" "/opt/rustwide/cargo-home/bin/cargo" "+72f88fc4e9458f89516a0b8b0868f3718aec5b47" "metadata" "--no-deps" "--format-version=1", kill_on_drop: false }`
[INFO] [stdout] a173e3e910c106f27ca38cdbb8f98232d4905a0dcde32f9df2b9948b03c7f88e
[INFO] [stderr] WARNING: Your kernel does not support swap limit capabilities or the cgroup is not mounted. Memory limited without swap.
[INFO] running `Command { std: "docker" "start" "-a" "a173e3e910c106f27ca38cdbb8f98232d4905a0dcde32f9df2b9948b03c7f88e", kill_on_drop: false }`
[INFO] running `Command { std: "docker" "inspect" "a173e3e910c106f27ca38cdbb8f98232d4905a0dcde32f9df2b9948b03c7f88e", kill_on_drop: false }`
[INFO] running `Command { std: "docker" "rm" "-f" "a173e3e910c106f27ca38cdbb8f98232d4905a0dcde32f9df2b9948b03c7f88e", kill_on_drop: false }`
[INFO] [stdout] a173e3e910c106f27ca38cdbb8f98232d4905a0dcde32f9df2b9948b03c7f88e
[INFO] running `Command { std: "docker" "create" "-v" "/var/lib/crater-agent-workspace/builds/worker-9/target:/opt/rustwide/target:rw,Z" "-v" "/var/lib/crater-agent-workspace/builds/worker-9/source:/opt/rustwide/workdir:ro,Z" "-v" "/var/lib/crater-agent-workspace/cargo-home:/opt/rustwide/cargo-home:ro,Z" "-v" "/var/lib/crater-agent-workspace/rustup-home:/opt/rustwide/rustup-home:ro,Z" "-e" "SOURCE_DIR=/opt/rustwide/workdir" "-e" "CARGO_TARGET_DIR=/opt/rustwide/target" "-e" "CARGO_INCREMENTAL=0" "-e" "RUST_BACKTRACE=full" "-e" "RUSTFLAGS=--cap-lints=forbid" "-e" "CARGO_HOME=/opt/rustwide/cargo-home" "-e" "RUSTUP_HOME=/opt/rustwide/rustup-home" "-w" "/opt/rustwide/workdir" "-m" "1610612736" "--user" "0:0" "--network" "none" "rustops/crates-build-env@sha256:d92eaeed33fa75130ca1ee6c8a01d1ffb62bac859dfdfb3450e3e5d1c0146529" "/opt/rustwide/cargo-home/bin/cargo" "+72f88fc4e9458f89516a0b8b0868f3718aec5b47" "check" "--frozen" "--all" "--all-targets" "--message-format=json", kill_on_drop: false }`
[INFO] [stdout] 5895e9caa55491c8bb0b95aa926f8771740a21e323ba565e528839bea3f0ed0f
[INFO] [stderr] WARNING: Your kernel does not support swap limit capabilities or the cgroup is not mounted. Memory limited without swap.
[INFO] running `Command { std: "docker" "start" "-a" "5895e9caa55491c8bb0b95aa926f8771740a21e323ba565e528839bea3f0ed0f", kill_on_drop: false }`
[INFO] [stderr] warning: dependency (google-testing1) specified without providing a local path, Git repository, or version to use. This will be considered an error in future versions
[INFO] [stderr]    Compiling autocfg v1.0.1
[INFO] [stderr]    Compiling libc v0.2.77
[INFO] [stderr]     Checking cfg-if v0.1.10
[INFO] [stderr]    Compiling byteorder v1.3.4
[INFO] [stderr]     Checking lazy_static v1.4.0
[INFO] [stderr]     Checking either v1.6.0
[INFO] [stderr]    Compiling maybe-uninit v2.0.0
[INFO] [stderr]    Compiling semver-parser v0.7.0
[INFO] [stderr]     Checking scopeguard v1.1.0
[INFO] [stderr]    Compiling cc v1.0.59
[INFO] [stderr]    Compiling pkg-config v0.3.18
[INFO] [stderr]     Checking fnv v1.0.7
[INFO] [stderr]    Compiling bitflags v1.2.1
[INFO] [stderr]     Checking tinyvec v0.3.4
[INFO] [stderr]    Compiling openssl v0.10.30
[INFO] [stderr]    Compiling native-tls v0.2.4
[INFO] [stderr]     Checking percent-encoding v1.0.1
[INFO] [stderr]    Compiling ryu v1.0.5
[INFO] [stderr]    Compiling serde_derive v1.0.116
[INFO] [stderr]     Checking antidote v1.0.0
[INFO] [stderr]     Checking lock_api v0.3.4
[INFO] [stderr]     Checking tokio-sync v0.1.8
[INFO] [stderr]     Checking itertools v0.8.2
[INFO] [stderr]     Checking log v0.4.11
[INFO] [stderr]     Checking unicode-normalization v0.1.13
[INFO] [stderr]    Compiling semver v0.9.0
[INFO] [stderr]    Compiling syn v1.0.40
[INFO] [stderr]     Checking smallvec v0.6.13
[INFO] [stderr]    Compiling rustc_version v0.2.3
[INFO] [stderr]     Checking log v0.3.9
[INFO] [stderr]     Checking want v0.2.0
[INFO] [stderr]    Compiling crossbeam-utils v0.7.2
[INFO] [stderr]    Compiling memoffset v0.5.5
[INFO] [stderr]    Compiling crossbeam-epoch v0.8.2
[INFO] [stderr]    Compiling num-traits v0.2.12
[INFO] [stderr]    Compiling num-integer v0.1.43
[INFO] [stderr]    Compiling indexmap v1.6.0
[INFO] [stderr]     Checking mime v0.2.6
[INFO] [stderr]     Checking serde_json v1.0.57
[INFO] [stderr]    Compiling parking_lot_core v0.6.2
[INFO] [stderr]    Compiling parking_lot v0.9.0
[INFO] [stderr]    Compiling hyper v0.12.35
[INFO] [stderr]     Checking base64 v0.9.3
[INFO] [stderr]     Checking base64 v0.10.1
[INFO] [stderr]     Checking iovec v0.1.4
[INFO] [stderr]     Checking num_cpus v1.13.0
[INFO] [stderr]     Checking net2 v0.2.35
[INFO] [stderr]     Checking time v0.1.44
[INFO] [stderr]     Checking idna v0.1.5
[INFO] [stderr]     Checking bytes v0.4.12
[INFO] [stderr]     Checking futures-cpupool v0.1.8
[INFO] [stderr]    Compiling openssl-sys v0.9.58
[INFO] [stderr]     Checking tokio-executor v0.1.10
[INFO] [stderr]     Checking crossbeam-queue v0.2.3
[INFO] [stderr]     Checking mio v0.6.22
[INFO] [stderr]     Checking tokio-current-thread v0.1.7
[INFO] [stderr]     Checking tokio-timer v0.2.13
[INFO] [stderr]     Checking crossbeam-deque v0.7.3
[INFO] [stderr]     Checking tokio-io v0.1.13
[INFO] [stderr]     Checking http v0.1.21
[INFO] [stderr]     Checking string v0.2.1
[INFO] [stderr]     Checking tokio-buf v0.1.1
[INFO] [stderr]     Checking url v1.7.2
[INFO] [stderr]     Checking tokio-threadpool v0.1.18
[INFO] [stderr]     Checking chrono v0.4.15
[INFO] [stderr]     Checking mio-uds v0.6.8
[INFO] [stderr]     Checking tokio-reactor v0.1.12
[INFO] [stderr]     Checking tokio-codec v0.1.2
[INFO] [stderr]     Checking tokio-fs v0.1.7
[INFO] [stderr]     Checking hyper v0.10.16
[INFO] [stderr]     Checking tokio-udp v0.1.6
[INFO] [stderr]     Checking tokio-uds v0.2.7
[INFO] [stderr]     Checking tokio-tcp v0.1.4
[INFO] [stderr]     Checking tokio v0.1.22
[INFO] [stderr]     Checking http-body v0.1.0
[INFO] [stderr]     Checking h2 v0.1.26
[INFO] [stderr]     Checking hyper-native-tls v0.3.0
[INFO] [stderr]     Checking hyper-tls v0.3.2
[INFO] [stderr]     Checking yup-oauth2 v1.0.12
[INFO] [stderr]     Checking yup-oauth2 v2.0.0-pre (https://github.com/fzzzy/yup-oauth2.git?branch=pull-from-thebiggerguy#67da6c59)
[INFO] [stderr]     Checking google-testing1 v1.0.14+20200708
[INFO] [stderr]     Checking testing1-google-api-rs v0.1.0 (/opt/rustwide/workdir)
[INFO] [stdout] error[E0277]: the trait bound `Client<HttpsConnector<HttpConnector>>: BorrowMut<hyper::client::Client>` is not satisfied
[INFO] [stdout]   --> src/main.rs:33:15
[INFO] [stdout]    |
[INFO] [stdout] 33 |     let hub = Testing::new(client2, auth);
[INFO] [stdout]    |               ^^^^^^^^^^^^ the trait `BorrowMut<hyper::client::Client>` is not implemented for `Client<HttpsConnector<HttpConnector>>`
[INFO] [stdout]    |
[INFO] [stdout]    = note: required by `Testing::<C, A>::new`
[INFO] [stdout] 
[INFO] [stdout] 
[INFO] [stdout] error[E0277]: the trait bound `Authenticator<DefaultAuthenticatorDelegate, MemoryStorage, HttpsConnector<HttpConnector>>: yup_oauth2::authenticator::GetToken` is not satisfied
[INFO] [stdout]   --> src/main.rs:33:37
[INFO] [stdout]    |
[INFO] [stdout] 33 |     let hub = Testing::new(client2, auth);
[INFO] [stdout]    |                                     ^^^^ the trait `yup_oauth2::authenticator::GetToken` is not implemented for `Authenticator<DefaultAuthenticatorDelegate, MemoryStorage, HttpsConnector<HttpConnector>>`
[INFO] [stdout]    |
[INFO] [stdout]    = note: required by `Testing::<C, A>::new`
[INFO] [stdout] 
[INFO] [stdout] 
[INFO] [stdout] error[E0599]: no method named `projects` found for struct `Testing<Client<HttpsConnector<HttpConnector>>, Authenticator<DefaultAuthenticatorDelegate, MemoryStorage, HttpsConnector<HttpConnector>>>` in the current scope
[INFO] [stdout]    --> src/main.rs:42:9
[INFO] [stdout]     |
[INFO] [stdout] 42  |     hub.projects().test_matrices_create(req, "projectId")
[INFO] [stdout]     |         ^^^^^^^^ method not found in `Testing<Client<HttpsConnector<HttpConnector>>, Authenticator<DefaultAuthenticatorDelegate, MemoryStorage, HttpsConnector<HttpConnector>>>`
[INFO] [stdout]     | 
[INFO] [stdout]    ::: /opt/rustwide/cargo-home/registry/src/github.com-1ecc6299db9ec823/hyper-0.12.35/src/client/mod.rs:107:1
[INFO] [stdout]     |
[INFO] [stdout] 107 | pub struct Client<C, B = Body> {
[INFO] [stdout]     | ------------------------------ doesn't satisfy `_: BorrowMut<hyper::client::Client>`
[INFO] [stdout]     | 
[INFO] [stdout]    ::: /opt/rustwide/cargo-home/git/checkouts/yup-oauth2-6e589df12a23e474/67da6c5/src/authenticator.rs:35:1
[INFO] [stdout]     |
[INFO] [stdout] 35  | pub struct Authenticator<D, S, C> {
[INFO] [stdout]     | --------------------------------- doesn't satisfy `_: yup_oauth2::authenticator::GetToken`
[INFO] [stdout]     |
[INFO] [stdout]     = note: the method `projects` exists but the following trait bounds were not satisfied:
[INFO] [stdout]             `Client<HttpsConnector<HttpConnector>>: BorrowMut<hyper::client::Client>`
[INFO] [stdout]             `Authenticator<DefaultAuthenticatorDelegate, MemoryStorage, HttpsConnector<HttpConnector>>: yup_oauth2::authenticator::GetToken`
[INFO] [stdout] 
[INFO] [stdout] 
[INFO] [stdout] error[E0277]: the trait bound `Client<HttpsConnector<HttpConnector>>: BorrowMut<hyper::client::Client>` is not satisfied
[INFO] [stdout]   --> src/main.rs:33:15
[INFO] [stdout]    |
[INFO] [stdout] 33 |     let hub = Testing::new(client2, auth);
[INFO] [stdout]    |               ^^^^^^^^^^^^ the trait `BorrowMut<hyper::client::Client>` is not implemented for `Client<HttpsConnector<HttpConnector>>`
[INFO] [stdout]    |
[INFO] [stdout]    = note: required by `Testing::<C, A>::new`
[INFO] [stdout] 
[INFO] [stdout] 
[INFO] [stdout] error[E0277]: the trait bound `Authenticator<DefaultAuthenticatorDelegate, MemoryStorage, HttpsConnector<HttpConnector>>: yup_oauth2::authenticator::GetToken` is not satisfied
[INFO] [stdout]   --> src/main.rs:33:37
[INFO] [stdout]    |
[INFO] [stdout] 33 |     let hub = Testing::new(client2, auth);
[INFO] [stdout]    |                                     ^^^^ the trait `yup_oauth2::authenticator::GetToken` is not implemented for `Authenticator<DefaultAuthenticatorDelegate, MemoryStorage, HttpsConnector<HttpConnector>>`
[INFO] [stdout]    |
[INFO] [stdout]    = note: required by `Testing::<C, A>::new`
[INFO] [stdout] 
[INFO] [stdout] 
[INFO] [stdout] error: aborting due to 3 previous errors
[INFO] [stdout] 
[INFO] [stdout] 
[INFO] [stdout] Some errors have detailed explanations: E0277, E0599.
[INFO] [stdout] 
[INFO] [stdout] For more information about an error, try `rustc --explain E0277`.
[INFO] [stdout] 
[INFO] [stdout] error[E0599]: no method named `projects` found for struct `Testing<Client<HttpsConnector<HttpConnector>>, Authenticator<DefaultAuthenticatorDelegate, MemoryStorage, HttpsConnector<HttpConnector>>>` in the current scope
[INFO] [stdout]    --> src/main.rs:42:9
[INFO] [stdout]     |
[INFO] [stdout] 42  |     hub.projects().test_matrices_create(req, "projectId")
[INFO] [stdout]     |         ^^^^^^^^ method not found in `Testing<Client<HttpsConnector<HttpConnector>>, Authenticator<DefaultAuthenticatorDelegate, MemoryStorage, HttpsConnector<HttpConnector>>>`
[INFO] [stdout]     | 
[INFO] [stdout]    ::: /opt/rustwide/cargo-home/registry/src/github.com-1ecc6299db9ec823/hyper-0.12.35/src/client/mod.rs:107:1
[INFO] [stdout]     |
[INFO] [stdout] 107 | pub struct Client<C, B = Body> {
[INFO] [stdout]     | ------------------------------ doesn't satisfy `_: BorrowMut<hyper::client::Client>`
[INFO] [stdout]     | 
[INFO] [stdout]    ::: /opt/rustwide/cargo-home/git/checkouts/yup-oauth2-6e589df12a23e474/67da6c5/src/authenticator.rs:35:1
[INFO] [stdout]     |
[INFO] [stdout] 35  | pub struct Authenticator<D, S, C> {
[INFO] [stdout]     | --------------------------------- doesn't satisfy `_: yup_oauth2::authenticator::GetToken`
[INFO] [stdout]     |
[INFO] [stdout]     = note: the method `projects` exists but the following trait bounds were not satisfied:
[INFO] [stdout]             `Client<HttpsConnector<HttpConnector>>: BorrowMut<hyper::client::Client>`
[INFO] [stdout]             `Authenticator<DefaultAuthenticatorDelegate, MemoryStorage, HttpsConnector<HttpConnector>>: yup_oauth2::authenticator::GetToken`
[INFO] [stdout] 
[INFO] [stdout] 
[INFO] [stderr] error: could not compile `testing1-google-api-rs`.
[INFO] [stderr] 
[INFO] [stderr] To learn more, run the command again with --verbose.
[INFO] [stderr] warning: build failed, waiting for other jobs to finish...
[INFO] [stdout] error: aborting due to 3 previous errors
[INFO] [stdout] 
[INFO] [stdout] 
[INFO] [stdout] Some errors have detailed explanations: E0277, E0599.
[INFO] [stdout] 
[INFO] [stdout] For more information about an error, try `rustc --explain E0277`.
[INFO] [stdout] 
[INFO] [stderr] error: build failed
[INFO] running `Command { std: "docker" "inspect" "5895e9caa55491c8bb0b95aa926f8771740a21e323ba565e528839bea3f0ed0f", kill_on_drop: false }`
[INFO] running `Command { std: "docker" "rm" "-f" "5895e9caa55491c8bb0b95aa926f8771740a21e323ba565e528839bea3f0ed0f", kill_on_drop: false }`
[INFO] [stdout] 5895e9caa55491c8bb0b95aa926f8771740a21e323ba565e528839bea3f0ed0f
